e -198 = -s*x + j. What is the tens digit of x?
3
Suppose p - 3 = 38. Let c = p - 37. Suppose -3*z = 2*h - 190, -32 - 116 = -2*z + c*h. What is the units digit of z?
6
Let g(c) = -c**3 - 43*c**2 - 10*c + 1533. What is the thousands digit of g(-46)?
8
Let q(g) = g**3 - 5*g**2 + g + 9. Let b be q(4). What is the units digit of (12/(-24))/(b/648)?
8
Suppose 2*z = -2*j + 20605 + 13751, 154635 = 9*z - 2*j. What is the units digit of z?
1
Let n be ((6 - 9) + 3)/(-5). What is the hundreds digit of ((-6)/12)/((-3)/888 - n)?
1
Let a = 5281 - 1799. What is the tens digit of a?
8
Let s(a) = a**2 + 6*a - 11. Let w = -7 + -1. Let f be s(w). Suppose 4*t - f*t + 53 = 3*m, 5*t + 2*m - 239 = 0. What is the tens digit of t?
4
Let z = 163 - 55. What is the hundreds digit of (3714/8)/(81/z)?
6
Let j(d) = 5*d - 43. Let v be j(10). Suppose -13*q + 6 + v = 0. What is the units digit of 3 - 7/q - -29?
5
Suppose -4*s + 8*s = 180. Let h = s + -104. What is the tens digit of -4 - 42/(-6) - (h + 1)?
6
Let q = 361 + -1097. Let v = -454 - q. What is the hundreds digit of v?
2
Suppose 3*z = 5*c + 17120, 0 = -4*z - 389*c + 388*c + 22796. What is the units digit of z?
0
Suppose 0*m + 3*m - 2*h = 205, 3*h + 276 = 4*m. What is the units digit of m?
3
Suppose 18*o + 35*o = -15872175. What is the units digit of o/(-180) + (-5)/(-4)?
5
Let k be ((-847)/(-3))/11 - (-1)/3. What is the tens digit of (k/(-169) + (-22)/26)*-313?
1
Suppose f - 9977 = -w, -21*w - 19957 = -2*f - 24*w. What is the hundreds digit of f?
9
Let q(m) = 18*m - 18. Let b(p) = -p - 2. Let n(c) = -2*b(c) - q(c). What is the tens digit of n(-22)?
7
Let q(k) = -k**3 + 55*k**2 + 12*k + 890. What is the thousands digit of q(47)?
9
Let v(m) = 2*m**3 - 2*m**2 - 4*m - 5. Let c(u) = -66*u**2 - 2 + 30*u**2 + 35*u**2 + 5*u. Let o be c(3). What is the tens digit of v(o)?
7
Let i be (-1)/((-5)/30*3). Suppose -n = i*n - 15. Suppose 6*o + 6 = 3*o, -n*o = -l + 78. What is the tens digit of l?
6
Suppose -153*p + 146*p = 3976. Let s = p - -912. What is the tens digit of s?
4
Suppose -k = -12*w + 7*w - 7350, 3*w + 7344 = k. What is the hundreds digit of k?
3
Let r(i) = 23*i**2 - 523*i - 16. What is the hundreds digit of r(24)?
6
Let k(r) = 2*r**2 - 3*r - 7. Let q(c) = -c**2 + 9*c - 4. Let t be q(8). Let b be k(t). Let w(g) = -g**3 + 13*g**2 + g - 8. What is the units digit of w(b)?
5
Let u(z) = -660*z**3 + z**2 - 2*z - 3. Let v = 351 + -352. What is the units digit of u(v)?
0
Let p(x) = -50*x**2 - 14*x + 11. Let d(w) = -49*w**2 - 15*w + 10. Let j(c) = -5*d(c) + 4*p(c). What is the tens digit of j(-3)?
4
Let j(m) = 44*m**2 + 87*m - 385. What is the units digit of j(37)?
0
Suppose 6*q = 2 + 88. Let f be ((-10)/15)/((-2)/q). Suppose f*o + 6 = 6*o. What is the units digit of o?
6
Let f(r) = 31*r**2 - 73*r - 558. What is the thousands digit of f(-9)?
2
Suppose 2*u - 700 = -4*y + 254, -u + 2*y + 485 = 0. What is the tens digit of u?
8
Suppose 1456241 + 3248091 = 124*x - 5507068. What is the units digit of x?
0
Suppose -5*j + 12 = j. Let s be j + -3 + 8/4. Suppose s = -m + 15. What is the units digit of m?
4
Let h(l) = 374*l**3 + l**2 + 19*l. What is the ten thousands digit of h(3)?
1
Let w(l) = 7*l + 36. Let n be w(-8). Let d be (3 - 9)*n/12. What is the hundreds digit of (-854)/(-4) + 5/d?
2
Let c = -36470 + 61388. What is the tens digit of c?
1
Suppose -4 + 5 = m. What is the tens digit of m*64 - 3/(-12)*-20?
5
Let t = -2192 - -4253. What is the thousands digit of t?
2
Suppose 5*f + 59*i - 73290 = 64*i, -5*f - 3*i + 73266 = 0. What is the hundreds digit of f?
6
Let o(u) = -812*u - 4434. What is the units digit of o(-74)?
4
Suppose t + 6*k - 2*k = -15, -t + 2*k + 15 = 0. Suppose 2*a - q + 3*q = 686, -1697 = -t*a + 4*q. What is the tens digit of a?
4
Suppose -29755 = -9*n + 100475. What is the ten thousands digit of n?
1
Suppose -80506 + 14272 = -21*o. What is the hundreds digit of o?
1
Let k be (-7)/(-4) - (-1)/4. Suppose 5*w - 6*w - 4*z + 284 = 0, 0 = k*z - 6. What is the hundreds digit of w?
2
Suppose 4*p = 4*f - 3*f + 12, -2 = -p. Let j(r) = -4*r**3 + 12*r**3 - 2 - 5*r - 9*r**3 - 2*r**2. What is the units digit of j(f)?
0
Suppose -12 = 5*h - 37. Suppose 0*j = h*j - 2935. What is the hundreds digit of j?
5
Let t be 134 + ((-2)/2 - 1). Suppose c = -c - r - 1, -3*r = 5*c + 3. Suppose 0 = -2*o + 5*y + t, c = -o + 2*o + 2*y - 75. What is the tens digit of o?
7
Let p(g) = -406*g + 928. What is the tens digit of p(-7)?
7
Let o = 560 - 303. Let v = o - 66. What is the tens digit of v?
9
Suppose 0 = 6*x - x - 2*a + 2, -5 = -x - 5*a. Let s be x*(6/4)/3. Suppose 5*n = -s*z + 2*z - 26, n - 52 = -4*z. What is the tens digit of z?
1
Let f(v) = -551*v - 27. Suppose 11*m - 6*m + 6 = -n, 0 = -4*m + 3*n - 20. What is the hundreds digit of f(m)?
0
Let o(j) = 4*j**3 - 7*j**2 + j + 26. Let q be o(8). Let a = 2446 - q. What is the hundreds digit of a?
8
Let z = 361 + -696. Let p = 671 - 133. Let u = p + z. What is the units digit of u?
3
Suppose -5*f = -6*f + 25. Suppose -u - 9 = 3*k - 0, 5*k = -5*u - f. Let s(x) = -7*x**3 - 4*x**2 - 4*x + 1. What is the hundreds digit of s(u)?
1
Suppose 0 = 10*k + 261*k - 1961769. What is the hundreds digit of k?
2
Let c = -20398 - -34485. What is the ten thousands digit of c?
1
Suppose 0 = 4*z - 45 + 45. Suppose 4*o - 5*c - 1509 - 937 = z, 0 = -o - c + 607. What is the hundreds digit of o?
6
Suppose j = -6*l + 11*l + 36620, -3*j + 109988 = l. What is the hundreds digit of j?
6
What is the tens digit of (0 + (-8)/(-8))*(-242)/(-2)?
2
Suppose -24 = 4*j, -4*j - 32459 = -5*o - 0*o. What is the tens digit of o?
8
Suppose -l + 9 = 4*l - 3*h, -2*l + 3*h + 9 = 0. Suppose 5*w + l*w = 285. Suppose -55*p = -w*p + 24. What is the units digit of p?
2
Suppose -14746 = -45*y + 75441 + 44498. What is the units digit of y?
3
Suppose 0*d + 34*d + 48*d = 385728. What is the thousands digit of d?
4
Suppose 0*g + g - 20 = 0. Let v = g + -24. What is the units digit of ((584/10)/(-1))/(v/10)?
6
Let w be 21*(3 + -4) - 3. Let q = w + 374. What is the units digit of q?
0
Let o(y) = -414*y + 710. What is the tens digit of o(-29)?
1
What is the tens digit of 68875 + 1/2*15/10*-12?
6
Let h(b) = -2*b**3 + b**2 - 12*b + 113. What is the hundreds digit of h(-15)?
2
Let g be 1148/((-110)/(-44) - 2/4). Let v = g - -1386. What is the units digit of v?
0
Suppose 0 = -y - x - 1, x - 1 = -2. Suppose -3*q + y*p = -p - 26, 4*q = -p + 44. Suppose 68 = q*u - 122. What is the units digit of u?
9
Let a = -3384 - -4180. What is the tens digit of a?
9
Suppose 0 = 2*z + 2*o + 78, 4*z + 3*o = -41 - 120. What is the tens digit of (-43659)/z - (9/4 + -2)?
9
Let p = 45 - 52. Let u(z) = z**3 + 17*z**2 + 30*z + 12. Let a(y) = y**3 + 16*y**2 + 31*y + 12. Let l(t) = p*u(t) + 6*a(t). What is the tens digit of l(-22)?
3
Let c be (0/(-2))/((-6)/(-2) + -1). Suppose -6*k + 5*k + 2*v + 567 = 0, c = -3*k + 4*v + 1699. What is the hundreds digit of k?
5
Suppose 4*o - 390 = -2*z, 0*z = 3*o - 2*z - 275. Let s = o + 281. What is the hundreds digit of s?
3
Let o be 12/(-3) + (-5 - -50). Let f = 36 + o. Suppose -k + 4*x + 11 = 0, -5*x - f = -4*k - 0*x. What is the units digit of k?
3
Let l(r) = -5*r + 41. Let t be l(7). Suppose -t*m + 782 + 622 = 0. What is the units digit of m?
4
Suppose 5*u - 142 - 21 = w, -6 = -2*u. Let d = w + 62. What is the units digit of (3 + -7)*d/4?
6
Let h(g) = 48*g + 62*g**2 - 23*g**2 + 189 - 39 - 42 - g**3. What is the units digit of h(40)?
8
Let h be (-24)/20*(-20)/6. Let z(l) = -l**3 + 12*l**2 + 52*l + 3. Let m be z(11). Suppose -4 = h*q - m. What is the tens digit of q?
7
Suppose -4*s - 4541 = 3991. What is the hundreds digit of ((-1)/(-5))/(-1) + s/(-15)?
1
Let b = 185 - 181. Suppose 12*j = -b*y + 9*j + 1485, 4*y - 1492 = 4*j. What is the units digit of y?
2
Let l = -2689 + 5194. Let o = l + -1436. What is the hundreds digit of o?
0
Let r(y) = -y**3 - 17*y**2 + 30*y + 18. Let n be r(-21). Let l be 3 + 0 - 3/3. Suppose -8*b + l*b = -n. What is the hundreds digit of b?
1
Let v(z) = -416*z**3 - 8*z**2 + 126*z + 644. What is the thousands digit of v(-5)?
1
Let c = 59 + -49. Suppose -5*w + 35 - c = 0. What is the tens digit of (-6 + w)/(2/(-122))?
6
Suppose 3*h = -4*g + 703, 0 = 20*h - 18*h + 3*g - 469. Let o = 304 - h. What is the units digit of o?
1
Su